121202012 - 0?
121202012
In base 4, what is 1 - 113131320?
-113131313
In base 6, what is -52 - 120335?
-120431
In base 4, what is 220021 - 20?
220001
In base 11, what is -1 + 424759?
424758
In base 6, what is -3 + -20111432?
-20111435
In base 9, what is 7 - 580?
-572
In base 11, what is 1 + 11a531?
11a532
In base 4, what is -1102103220 - 1?
-1102103221
In base 10, what is 1 - -98?
99
In base 5, what is 10300 - 12032?
-1232
In base 4, what is 132222 + 1230?
200112
In base 7, what is 1 + 133313?
133314
In base 8, what is 104 + 175?
301
In base 6, what is -4 + 1004152?
1004144
In base 5, what is -1313 - -301?
-1012
In base 4, what is -32221030 - -2?
-32221022
In base 16, what is 20 + 261?
281
In base 3, what is 1120222 + 11?
1121010
In base 6, what is 0 + 220034?
220034
In base 4, what is 132211233320 + 0?
132211233320
In base 13, what is 82 - -7a6?
858
In base 11, what is 59 + 30054?
30102
In base 10, what is -3095 - 19?
-3114
In base 12, what is 4496 - 0?
4496
In base 3, what is -10011 + 102210100?
102200012
In base 12, what is 5 + -71401?
-713b8
In base 11, what is -426a25 + -5?
-426a2a
In base 15, what is -b42 + -1d1?
-d23
In base 2, what is -100 - 100110001110?
-100110010010
In base 14, what is 5 + 48b38?
48b3d
In base 5, what is 224120 + 20?
224140
In base 4, what is 2120 + 2112?
10232
In base 10, what is 1983 + -52?
1931
In base 16, what is -2bf + df?
-1e0
In base 10, what is 190 + 124?
314
In base 8, what is 104721 - 4?
104715
In base 16, what is 2 - -1458?
145a
In base 13, what is 12994 + 2b?
129c2
In base 8, what is -14637 + 63?
-14554
In base 6, what is -124151 + 353?
-123354
In base 11, what is -22239 - 6?
-22244
In base 4, what is 102130 - -212?
103002
In base 13, what is -33a + -6b?
-3a8
In base 4, what is 1132100 + -133?
1131301
In base 12, what is 77b + 321?
aa0
In base 12, what is 17 + -7052?
-7037
In base 9, what is -151307 - 5?
-151313
In base 7, what is 416661 + -2?
416656
In base 5, what is -104 - -1040142?
1040033
In base 12, what is 32b - -25?
354
In base 2, what is 1110100100 - 1000001011?
110011001
In base 4, what is -2 - -1000211030?
1000211022
In base 5, what is 2 + -31031341?
-31031334
In base 6, what is 10245 + -130?
10115
In base 16, what is 6 + 207e5?
207eb
In base 9, what is 13235 + 4?
13240
In base 5, what is 10322313 + -1?
10322312
In base 10, what is 2274 + -42?
2232
In base 2, what is 1011 - 11100011?
-11011000
In base 3, what is 110 - -2222122?
10000002
In base 13, what is -4c - 129?
-178
In base 16, what is 55 - -927?
97c
In base 10, what is 1466392 - 5?
1466387
In base 2, what is 101000 + 1010110?
1111110
In base 15, what is -b + 42?
36
In base 3, what is -122122 + -210102?
-1110001
In base 15, what is 1d5 + -a2?
133
In base 4, what is -1022 - -323033?
322011
In base 5, what is -32000343 - 4?
-32000402
In base 4, what is 1010003301 - -22?
1010003323
In base 15, what is 57 - 15?
42
In base 14, what is 1289 + 4?
128d
In base 4, what is 13331 + 212013?
232010
In base 4, what is 1110 + 3021222?
3022332
In base 9, what is -753 - -134?
-618
In base 10, what is -65519 + -4?
-65523
In base 8, what is 12 + 43034?
43046
In base 7, what is -26 - -644?
615
In base 7, what is 5 + 11250624?
11250632
In base 12, what is 144b7 + -5?
144b2
In base 11, what is 4 + -11733?
-1172a
In base 13, what is 5b7c41 + 0?
5b7c41
In base 9, what is 5580 - -61?
5651
In base 15, what is -525 + 65?
-4b0
In base 7, what is 146 + -353?
-204
In base 13, what is 9623 + 15?
9638
In base 2, what is -1110000 + 10100100010111?
10100010100111
In base 15, what is -24 - ada5?
-adc9
In base 15, what is 15 - 2c?
-17
In base 3, what is -22 - -2221102202?
2221102110
In base 4, what is 1200220 - -2223?
1203103
In base 14, what is 3bb6 + -14?
3ba2
In base 7, what is 14 - 15435?
-15421
In base 11, what is 1a3 + 3653?
3846
In base 13, what is -61 + 1220?
118c
In base 15, what is -17ec - 4e?
-184b
In base 2, what is 0 - 10000101000?
-10000101000
In base 10, what is -1212 + 209?
-1003
In base 13, what is 5 + -a396?
-a391
In base 13, what is 21bab + -3?
21ba8
In base 13, what is 192 + -1279?
-10b7
In base 15, what is -d - -844b8?
844aa
In base 9, what is 22 + -1358?
-1336
In base 10, what is 20 - 1307?
-1287
In base 7, what is 0 - 105554?
-105554
In base 3, what is -12021020 - -112122?
-11201121
In base 6, what is 2314024 + 2?
2314030
In base 16, what is -832 + -19b?
-9cd
In base 16, what is -4 - 41cc?
-41d0
In base 5, what is -303013 - -12?
-303001
In base 12, what is -1401 - -257?
-1166
In base 14, what is -45aad + 4?
-45aa9
In base 4, what is -101033212 - 12?
-101033230
In base 12, what is 2217 - -6b?
2286
In base 8, what is 4 - 530717?
-530713
In base 8, what is 34 - -100?
134
In base 14, what is -2 + 5c53?
5c51
In base 3, what is 100101101 + -2001?
100022100
In base 3, what is -112122200120 - -11?
-112122200102
In base 4, what is 11 + -222203?
-222132
In base 16, what is -243 - -755?
512
In base 11, what is 8176 + 36?
8201
In base 14, what is -4 + -26c?
-272
In base 2, what is -1000001 - 11001111101000?
-11010000101001
In base 6, what is -102 - -355?
253
In base 9, what is 7 + -33300?
-33282
In base 12, what is 75622 + 13?
75635
In base 10, what is 265 - 60?
205
In base 14, what is -1 - cc16?
-cc17
In base 13, what is -3 - 15b4c?
-15b52
In base 16, what is -1dbe + 1?
-1dbd
In base 7, what is -1115310 - -25?
-1115252
In base 13, what is 30 + 4662?
4692
In base 7, what is 0 + 13566?
13566
In base 8, what is 24673 + -114?
24557
In base 13, what is -4 - -2128?
2124
In base 14, what is 30 - 498a?
-495a
In base 16, what is -2 + 5de5?
5de3
In base 9, what is -186 - -4665?
4468
In base 10, what is -5 + -7378?
-7383
In base 15, what is -17 + -128b?
-12a3
In base 6, what is -1330 + -23?
-1353
In base 13, what is 3 - -b314?
b317
In base 16, what is -5556 + 7?
-554f
In base 4, what is 3231 - 11012?
-1121
In base 13, what is 0 + -8303b?
-8303b
In base 5, what is -12 + -204322001?
-204322013
In base 16, what is 2a5 + 214?
4b9
In base 8, what is 4 + -432360?
-432354
In base 3, what is -2120120001 - 2?
-2120120010
In base 2, what is 11001000011010111010 - 101?
11001000011010110101
In base 10, what is 39 + 1330?
1369
In base 7, what is 33 + 3654?
4020
In base 14, what is 202 - 1097?
-c95
In base 2, what is 11011001100100 - -110?
11011001101010
In base 15, what is -449 - 0?
-449
In base 12, what is -19a - 335?
-513
In base 13, what is 3 - 418a6?
-418a3
In base 10, what is 11 - 28057?
-28046
In base 9, what is 2060 + -2225?
-155
In base 4, what is 13230001 - -11?
13230012
In base 4, what is 12231221311 - 11?
12231221300
In base 3, what is -11 + 110021121?
110021110
In base 15, what is 40 - 3d?
2
In base 8, what is -2651 - 2?
-2653
In base 4, what is 10 + -33301003?
-33300333
In base 8, what is -10 - 10130?
-10140
In base 12, what is 5 - -2667?
2670
In base 14, what is 1c93b - -1?
1c93c
In base 7, what is -2 + 13135?
13133
In base 11, what is -26189 - 2?
-26190
In base 14, what is 17 + 39b9?
39d2
In base 14, what is 8bd + 3?
8c2
In base 14, what is -2 + c0256?
c0254
In base 15, what is -2 + 16e36?
16e34
In base 5, what is 123204141 + 2?
123204143
In base 7, what is -131 + -4154?
-4315
In base 2, what is 1011 + -110010110100?
-110010101001
In base 8, what is -4642704 - 3?
-4642707
In base 2, what is -101101010101 + 110000011?
-100111010010
In base 15, what is -14 - 10b?
-120
In base 4, what is 123 + 1120112?
1120301
In base 14, what is 7c - 3d0?
-352
In base 13, what is 2 - 73476?
-73474
In base 14, what is 898 + -195?
703
In base 12, what is 18bb - 15b?
1760
In base 12, what is -92 - -987b?
97a9
In base 14, what is -2d19 + 1?
-2d18
In base 5, what is 102312 + 1402?
104214
In base 13, what is a3 - 1b3?
-110
In base 10, what is -1192825 + -4?
-1192829
In base 8, what is 3 - -674416?
674421
In base 10, what is -3301 + -42?
-3343
In base 4, what is -1 + 12001300?
12001233
In base 5, what is 2333400 - 2?
2333343
In base 15, what is 8 - 792?
-789
In base 9, what is -22241 + -3?
-22244
In base 3, what is 110010000 + -20?
110002210
In base 9, what is 0 + -37688?
-37688
In base 2, what is -101 + 100011011011010001?
100011011011001100
In base 16, what is -5 + -482f?
-4834
In base 6, what is 35100215 + 5?
35100224
In base 7, what is -10150 - 1?
-10151
In base 8, what is -237 + 34505?